 o = -111 - -120. What is the tens digit of j(o)?
7
Let d(g) = 20*g**2 - 3*g - 5. Let s be d(-4). Let i = 493 - s. What is the hundreds digit of i?
1
Let o(u) = 6*u**2 - 39*u - 8. What is the tens digit of o(9)?
2
Suppose -31*p + 7827 + 1473 = 0. What is the tens digit of p?
0
Let s(d) = d**2 + 7*d + 4. Suppose 14*c - 65 = 19*c. What is the units digit of s(c)?
2
Let g(l) = l**2 - 2*l + 17. Let a(j) = -3*j + 17. Let v(t) = -3*a(t) + 4*g(t). What is the hundreds digit of v(-7)?
2
Let o be 14/4 + (-4)/(-8). Suppose 0 = 3*x + o*w + 191, 5*x + 5*w + 373 = 63. Let b = 87 + x. What is the tens digit of b?
3
Let s = 25 + 11. Let d = -18 + s. What is the tens digit of d?
1
Suppose 5*l + 26 = 7*l. Suppose -3*n + l = -92. Suppose 4*x = -3*j - 0*j + 21, -n = -5*j - 3*x. What is the units digit of j?
7
Let a(u) = 4*u**3 - u**2 + 9*u + 12. Let m(s) = s**3 - s**2 + s + 1. Let v(q) = a(q) - 5*m(q). Let g be v(5). What is the tens digit of 1 + g + (41 - 1)?
4
Suppose 0 = -3*l - 2 - 7. Let n = 16 - l. Suppose -49 = -5*s - n. What is the units digit of s?
6
Let y = -32 - -71. Suppose -2*b + 3 = -y. What is the units digit of b?
1
Let a = -15 + 8. Let y = -4 - a. Let s(r) = r**3 - 2*r + 3. What is the tens digit of s(y)?
2
Let s = 124 - 122. Suppose -5*t = -2*b - 15, -7*t + 3*t = -12. Suppose 24 + b = s*p. What is the units digit of p?
2
What is the units digit of 5/1 + -7 + (-3882)/(-6)?
5
Suppose -1036 = -2*v + 70. What is the units digit of v?
3
Suppose -13*t - 5576 = -17471. What is the tens digit of t?
1
Suppose -3*t - 3*k - 28 = 26, -2*t - 3*k - 40 = 0. Let q = -12 - t. Let v = q + 9. What is the units digit of v?
1
Let z(w) = -w**2 + 13*w - 9. Let h be z(7). Suppose 0 = 3*a + 5*j - 101 - h, 3*j = -a + 46. What is the tens digit of a?
4
Let b(g) be the third derivative of g**6/30 + g**5/60 + g**4/24 - 2*g**2. Let r be b(-1). What is the units digit of (-21)/r + (-1)/4?
5
Let u(b) = -8*b - 3. Let v(w) = w**2 + 10*w - 2. Let q be (-3)/3*7 - 3. Let i be v(q). What is the tens digit of u(i)?
1
Let f = -22 - -39. Suppose -18*x = -f*x - 46. What is the tens digit of x?
4
Let z = -1780 - -3646. What is the thousands digit of z?
1
Suppose -135 = -5*t - 2*c, -4*t - 4*c = -3*t - 27. Let n = t - -2. What is the tens digit of n?
2
Suppose -2*i + 0*i = 66. Let y = i - -74. What is the tens digit of y?
4
Suppose -52*t + 53*t + v - 463 = 0, 0 = t - 4*v - 453. What is the units digit of t?
1
Suppose 0 = 4*o + 4*g - 44, -3*o - 4*g + 59 = 2*o. Let m be ((-228)/o)/((-4)/50). Suppose 3*t - m = -2*t. What is the units digit of t?
8
Let o = 6 + -3. Suppose -o*x = -2*t - 6 + 15, 0 = 5*t + 2*x + 6. Suppose 3*i - 65 - 7 = t. What is the units digit of i?
4
Let f be (-3)/9*-3*1*2. Suppose -3*g = -q + g + 97, 5*g - 155 = -f*q. What is the units digit of q?
5
Let u = -7 + 7. Suppose u*w - 5*n + 15 = 5*w, 4*n = -w + 18. What is the units digit of 1/2 + (-3)/w?
2
Suppose 5*h - 2*y = 10*h - 4702, -h + 3*y + 954 = 0. What is the hundreds digit of h?
9
Let f be -4*(-3)/(-15)*95. Let p = -36 - f. Suppose 8*g = 6*g + p. What is the units digit of g?
0
Suppose -5*j = 5*u + 10, -j + u + 11 = j. Suppose j*k - 66 = k. Suppose -i = 7 - k. What is the units digit of i?
6
Suppose f - 4 = -2*t, -4*t + 18 = -5*f - 4. What is the tens digit of t/(-9)*3 - -17?
1
Let t be 16/(-4) - 14/(-2). Suppose t*l = -l - 60. What is the units digit of (-366)/l + (-15)/(-25)?
5
Let k = 7 - 3. Let t(z) = 11 - k + 5*z - 15*z. What is the units digit of t(-3)?
7
Let p be 4 - (-1 + 3 - 1) - 1. What is the tens digit of (2 + p)/(-2) + -1 + 41?
3
Let j(v) = -v**2 + 3*v + 7. Let x be j(3). Suppose x*m - 706 - 834 = 0. What is the units digit of m?
0
Let m(o) = -o**3 + 4*o**2 + 2. Let l be m(4). Suppose -4*t + 4*c = -0*c + 184, -4*c = -l*t - 84. What is the units digit of (t/(-6))/((-2)/(-6))?
5
Let c = 43 - 85. What is the tens digit of (172/(-10))/(-3 - c/15)?
8
Suppose -8*b = -0*b + 200. Let i be 234/(-10) - (-15)/b. Let j = 29 + i. What is the units digit of j?
5
Let k(j) = 12*j**2 + 1. Let w(f) = f**2 - 4. Let c be w(-3). Suppose -20 = 5*t - c*o, 2*t + 2 = -t + o. What is the tens digit of k(t)?
1
Let g be (-8)/6 + 552/(-18). Let b = g - -38. What is the units digit of b?
6
Let t = -128 - -893. What is the hundreds digit of t?
7
Let u(y) = -2*y**2 + 4*y + 6. Let b be u(-3). Let t = -24 - b. Let w = 18 - t. What is the tens digit of w?
1
Let v(h) = -h**3 + 8*h**2 - 10*h - 11. Let a be v(5). Suppose -2*j + 4*z - 8 = 2*j, -5*j - 4*z - 10 = 0. Let s = a - j. What is the units digit of s?
6
Let q = 1512 - 889. What is the hundreds digit of q?
6
Let p(m) = -10*m + 24. Let j(k) = k - 1. Let r(v) = -4*j(v) - p(v). What is the tens digit of r(6)?
1
Suppose 0 = -0*b + 3*b + 15, -3*t + 4 = b. Suppose t*c = -2*c - 15. What is the tens digit of (-280)/(-24) + 2/c?
1
Suppose 69 - 231 = -6*c. Suppose 3*x + 4*m - 34 - c = 0, -5*m + 29 = 2*x. What is the tens digit of x?
2
Let j = -1587 + 2785. What is the hundreds digit of j?
1
Let i(n) = -n**3 + 18*n**2 - 20*n + 57. Let a be i(17). Suppose 0 = 5*r + f - 1770, -2*r = -a*r - 5*f + 1395. What is the units digit of r?
5
Suppose -573*m + 570*m = -3432. What is the units digit of m?
4
Let l = -17 - -32. Suppose 16 = l*u - 14*u. What is the units digit of u?
6
Suppose 2*v + o - 257 = 431, 5*o = -2*v + 696. What is the hundreds digit of v?
3
Let t = -4 - 12. What is the units digit of (-24)/9*264/t?
4
Let z = -1058 - -1051. Let u(o) be the first derivative of -o**2 + 8*o + 1. What is the tens digit of u(z)?
2
Let q be 2/(-20)*382 - (-1)/5. Let f = q - -59. What is the units digit of f?
1
Let w(x) = -24*x**3 - 4*x**2 - 6*x + 4. What is the hundreds digit of w(-3)?
6
Let m(n) = n**2 + 3*n - 3. Let r be m(5). Let x = r + -7. What is the units digit of x?
0
What is the tens digit of ((-119)/(-34))/((-2)/(-180)) + -3?
1
Suppose -7*v + 4*v + 123 = 0. Suppose v = j - 9. What is the tens digit of j?
5
Let m = -9041 + 12906. What is the thousands digit of m?
3
Suppose -15*a + 16*a = 3*h - 9840, -2*h + 6556 = -2*a. What is the units digit of h?
1
Let t be 2/(-12) - (-885)/18. Let s be 2*(-2 + (-14)/(-4)). Suppose -3*n = 2*n + 2*g - 77, -s*n = 4*g - t. What is the units digit of n?
5
Let n(z) = 26*z**2 - 70*z + 44. What is the thousands digit of n(10)?
1
Let d(b) = -2*b - 2. Let y be d(1). Let g be (-9)/(y/16*-4). Let o = g - -20. What is the units digit of o?
1
Suppose 3*f - t = -2*f - 548, -f = -4*t + 102. Let w = f - -172. What is the units digit of w?
2
Let i(f) = 3027*f**2 - 6*f + 8. What is the units digit of i(1)?
9
Let c(n) be the third derivative of -n**6/120 - n**5/12 - n**4/12 + 2*n**3/3 + 3*n**2. Let l be c(-4). What is the tens digit of (l + 3)/(3/(-57))?
1
Suppose 17*h = -529 + 9998. What is the units digit of h?
7
Let c(p) = p**2 + 4*p - 14. Let w be c(-4). Let n = w + 44. What is the tens digit of n?
3
Suppose p - 3*g - 207 = -3*p, 0 = 3*p - 4*g - 164. Suppose 52*h - p*h = 192. What is the tens digit of h?
4
Suppose -5*x = -68*p + 67*p + 3093, 4*x + 6192 = 2*p. What is the tens digit of p?
9
Suppose 3*s - 176 = 25. Let d = 24 + s. What is the units digit of d?
1
Suppose -760 = -4*r - 4*v, -r + v + 196 = -0*v. Let g = r - 81. What is the tens digit of g?
1
Suppose -7*y - 20 = -11*y. Suppose -y*j = 2*n - 1132, 9*n - 5*n = 4. What is the units digit of j?
6
Let x(c) = -c - 2. Let y be x(-4). Let z(f) = -2*f**2 + y*f**2 + 2*f - 1 + 4 + f**2. What is the tens digit of z(3)?
1
Suppose 0 = -5*j + 3*d - 137, 2*j - j - d + 29 = 0. Suppose 2*s + 3*q = -0*q + 100, 96 = 2*s + q. Let c = j + s. What is the tens digit of c?
2
Let p = -23 + 26. Suppose -t = -p*t + 120. What is the tens digit of t?
6
Suppose -186 = -6*g + 4*g. Suppose 27 = k - g. Suppose 3*s - z = k, 0*z - z - 79 = -2*s. What is the tens digit of s?
4
Let d be ((-52)/(-8) + -7)*0. Let r(m) = -m**2 + 25 + 2*m + 15 - m**3 + 0*m. What is the units digit of r(d)?
0
Suppose -2*j = -5*j + 9. Suppose -4*q - w = -2*w - 149, -4*q + 159 = -j*w. What is the units digit of q?
6
Let h(s) = -5*s**2 - 6*s - 14. Let d(i) = i**2 - i. Let q(j) = -4*d(j) - h(j). What is the units digit of q(-10)?
4
Let l(v) = v**2 - 10*v - 8. Let z be l(11). Suppose z*o - 20 = 70. What is the units digit of o?
0
What is the thousands digit of (2/(-4))/((-14)/36008)